der when 88 is divided by v.
24
Let k be (225/6)/(-15)*72/(-60). Suppose 0*q - 5*d = -3*q - 20, 4*q + 3*d - 12 = 0. Suppose k*c - 49 + 19 = q. Calculate the remainder when 39 is divided by c.
9
Let g = -3 - -1. Let h be (5555/90 + 4/(-18))*g. Let j = -27 - h. What is the remainder when j is divided by 14?
12
Suppose -7*b - 2*l = -672 + 8, 4*b = -5*l + 391. Calculate the remainder when 479 is divided by b.
9
Let i be (-18 + 15)*(-655 - -1). Suppose 23*k - i = 17*k. Calculate the remainder when k is divided by 6.
3
Let v(x) = 33*x**2 + 185*x + 3. Calculate the remainder when 131 is divided by v(-6).
50
Let x be (-2 - -1)*(42 - -2). Let w be -6 - -3 - (x - 3). Suppose -4*i = w - 140. What is the remainder when 95 is divided by i?
23
Let r = 190 - 140. Suppose -5*q + 3*j = -169, 92 = 4*q + j - r. Calculate the remainder when q is divided by 18.
17
Let n = -143 + 156. Suppose -5*a = 28 + 372. Let b = -19 - a. Calculate the remainder when b is divided by n.
9
Let z = 189228 + -189199. Suppose 3*s - 2 - 1 = 0. Suppose -30 = -v - 3*q, -v = -2*q - 11 + s. Calculate the remainder when z is divided by v.
11
Suppose 16*d = 15*d - 4*q + 1188, -5908 = -5*d - 4*q. Suppose l - d = -3*l. What is the remainder when l is divided by 99?
97
Suppose 13*h + 2783 - 300 = 0. Let c = h + 338. What is the remainder when c is divided by 6?
3
Let u(n) = 6*n**3 + 3*n**2. Let y be u(-2). Suppose 0 = -2*b + 2*w - 17 + 37, 2*b + 4*w = 50. What is the remainder when 1292/18 - 8/y is divided by b?
12
Let o(h) = -23*h**2 - 253*h + 29. Suppose -172 = -3*d + 4*a, -d + 36 = -3*a - 28. What is the remainder when d is divided by o(-11)?
23
Suppose -3*j = -5*j + 20. Let b = -282 - -170. Let h = b - -115. Calculate the remainder when j is divided by h.
1
Let t(v) = -2*v**3 - 65*v**2 + 104*v + 134. Let p = 80 + -45. Calculate the remainder when t(-34) is divided by p.
31
Let s = 26866 - 24903. What is the remainder when s is divided by 654?
1
Suppose -3*b - 4*k = -79, 2*k - 20 = -b + 7. Calculate the remainder when 121 is divided by b.
21
Suppose -2*n = -3*z + 2680, 130 = -z - 2*n + 1026. What is the remainder when z is divided by 883?
11
Let t = 2953 - 2879. Calculate the remainder when 2332 is divided by t.
38
Let r(o) = 12 + 2*o**3 - 6 - o**3 + 3*o - 2*o**2 - 5. Let s be r(4). Suppose -12 - s = -3*z. Calculate the remainder when 73 is divided by z.
16
Suppose 154 = 2*i + 4*o, 4*o - 10 - 10 = 0. Calculate the remainder when 1075 is divided by i.
3
Suppose 99*g - 52020 = 299430. What is the remainder when g is divided by 19?
16
Suppose 2*i = -v - 18, 3*i + v + 3 + 24 = 0. Let w(f) = -f**3 + 6*f**2 + 5. What is the remainder when 2/(-3)*i*(-310)/(-30) is divided by w(6)?
2
Let h(o) = 3*o**2 - o + 103. What is the remainder when h(-28) is divided by 12?
11
Let n(u) = -5*u + 35. What is the remainder when (88/20)/((-1)/(-20)) is divided by n(4)?
13
Let i = 8 + -4. Suppose o + 43 = 2*a, -i*a + o + 26 = -57. Suppose 1132 = 5*z - 4*h + 1121, 3*h = 5*z - 22. Calculate the remainder when a is divided by z.
9
Let r(y) = y**3 + 5*y**2 - 8*y. Let l be r(-7). Let w = 91 + -41. What is the remainder when 144 - (3 - l/(-6)) is divided by w?
48
Suppose -m + 33 = z, 0 = -4*m - m - 4*z + 170. What is the remainder when (-351549)/(-1881) + 4/38 is divided by m?
35
Suppose 5*v + 6 = 2*l, -4*v = 3*l - 2*v - 28. Suppose l*b - 7*b - 22 = 0. Calculate the remainder when b is divided by 5.
2
Suppose -104*c + 1888 = -88*c. What is the remainder when 1414 is divided by c?
116
Suppose -5*x + 4*u + 0*u = 6, -4*x + 4 = -u. Let l be 1 + 19 + (-1 - x). Let w = l + -12. What is the remainder when w is divided by 4?
1
What is the remainder when (-14)/(-8 - ((-4)/42 + (-2284625)/289149)) is divided by 13?
8
Suppose -4*v = 5*k - 177, 5*k - 3*k - 3*v - 80 = 0. What is the remainder when k is divided by 24?
13
Suppose 3*b - 3*l - 2*l = 28, 5*b - 3*l = 52. What is the remainder when (-9)/(-18) + ((-147)/(-9))/(2/9) is divided by b?
8
Calculate the remainder when 244/976 + (4/14 - (-318020)/112) is divided by 98.
96
Let i = -6375 + 6432. What is the remainder when 1361 is divided by i?
50
Suppose 144*w - 69809 = -22289. Calculate the remainder when w is divided by 81.
6
Let a(w) = w**3 + 9*w**2 + w - 8. Suppose -343 = -3*d - 228 + 590. Calculate the remainder when d is divided by a(-8).
43
Let c(a) be the first derivative of -8*a**4 + a**3/3 - a**2/2 - 2*a - 21. Calculate the remainder when c(-1) is divided by ((-20)/(-50))/(1/30).
8
Suppose -12*f - 4 = -52. Suppose 0 = f*v, -3*c = -c + v - 8. Suppose 8*q = c*q + 100. Calculate the remainder when 47 is divided by q.
22
Let w(i) = i**3 + 10*i**2 + 7*i - 8. Suppose -19*v = -14*v + 5. What is the remainder when (v - -2)/((-4)/(-76)) is divided by w(-9)?
9
Let r = -6299 + 6343. Suppose -u - 6 = -181. What is the remainder when u is divided by r?
43
Suppose -3*d + 441 = -12*d. Let g be (-112)/d - 6/21. Calculate the remainder when 1/g*8 - (-112 - 0) is divided by 40.
36
Let k = 4697 + -4609. Calculate the remainder when k is divided by 2*(9/2 + -3).
1
Let w(m) = m**3 - 28*m**2 - 32*m + 87. Let b be w(29). Calculate the remainder when 65 is divided by -12 - -24 - (-2 + b).
9
Suppose 66003 + 37100 = 143*t. Calculate the remainder when t is divided by 56.
49
Suppose -2*d - 628 = -2*d - 4*d. What is the remainder when 400 is divided by d?
86
Suppose -232*t + 1390 = -230*t. Let l = t + -370. Calculate the remainder when l is divided by 30.
25
Suppose 21*o - 26*o = 4*g - 2786, 3*o + 3*g = 1677. What is the remainder when o is divided by 17?
6
Let m(q) = q**3 - 6*q**2 + 4*q + 8. Suppose 26*l + 39 = 3*o + 22*l, 3*o - 18 = -3*l. Calculate the remainder when m(6) is divided by o.
5
Let w(j) = j**2 + 3*j - 2. Let i be w(-8). Let l = i + -34. Suppose -3*o + 4*h + 41 = 0, l*h + 5 = -3*o + 54. What is the remainder when o is divided by 9?
6
Suppose -r = 3*h - 337, -4*h = 3*r - 406 - 45. Suppose -11*s = -15*s + h. What is the remainder when 63 is divided by s?
7
Let i = 114 - 110. Suppose 5*c = 5, -i*h + 3*c + 340 = -c. What is the remainder when h is divided by 44?
42
Suppose -80*q = 58*q - 40*q - 51254. What is the remainder when 1055 is divided by q?
9
Suppose 386939 = 237*c - 116212. What is the remainder when c is divided by 19?
14
Let q be (6 + 18)/(-8) - 9. Let y(h) = -14*h**2 - 183*h + 7. What is the remainder when y(q) is divided by 3?
1
Let q(p) = 2*p - 1. Suppose -14 = -o + 11. Let i = o + -21. What is the remainder when q(i) is divided by 3?
1
Let f be ((-432)/(-5))/(15/50). Suppose -25*m = -7*m - f. What is the remainder when 191 is divided by m?
15
Calculate the remainder when -6 - (-145 - 40/(-8)) is divided by 23.
19
Let y(q) = 31*q + 1909. Suppose 2*o - u = 321, -2*u + 627 = 4*o + u. What is the remainder when o is divided by y(-61)?
15
Let j = -14 + 31. Let d be j*(4 + 10/(-2)). Calculate the remainder when (d - 0)/(28/(-392)) is divided by 30.
28
Let z = 90 + -65. Suppose -z = -5*x, 3*t - 3*x - 18 = 39. Suppose 4*s - 96 = l + 80, -4*s - 3*l = -160. What is the remainder when s is divided by t?
19
Let j(w) = 4*w - 16. Let p be j(4). Suppose 5*o - 5*u - 680 = p, 4*o = 6*u - 4*u + 544. Calculate the remainder when o is divided by 49.
38
Let i(u) = -100*u - 5288. What is the remainder when i(-77) is divided by 173?
163
Suppose 4*z - 3*h - 19 - 2 = 0, -4*h + 29 = z. Suppose 0 = z*p - 16*p + 21. What is the remainder when 14 is divided by p?
2
Suppose -2088 = -3*o + 2*r, 2*o + 3*r - 2278 + 899 = 0. Calculate the remainder when o is divided by 78.
70
Suppose -57190 - 30380 = -834*q. Calculate the remainder when 465 is divided by q.
45
Let o = 332 + -333. Calculate the remainder when 29 is divided by 539/33 + o*2/6.
13
Let m(a) = a**2 + 10*a - 30. Let f(d) = -d**3 - 9*d**2 - 17*d - 18. Let w be f(-7). Calculate the remainder when (0/(-1))/1 - -25 is divided by m(w).
7
Suppose -8*q = -4*r + 152, -5*r + 63 = 5*q + 8. Calculate the remainder when 23637 is divided by r.
17
Let v = 13 - 6. Let d(n) = 2*n + 22. Let t be d(-9). Suppose t*f + 20 = 0, -x + 2*x - 4*f - 51 = 0. Calculate the remainder when x is divided by v.
3
Let a be -5*(-1 + -2*1). Let o = a - 8. Suppose -132*z + 34*z + 4510 = 107*z. What is the remainder when z is divided by o?
1
Let x = 243 - 240. Suppose -q + 21 = -